Suppose -d*h + 220 = -2*k, 0 = -3*k + k. Calculate the greatest common factor of h and 22.
22
Suppose 0 = 5*b, -r = 5*b - 46 - 206. Calculate the greatest common divisor of r and 54.
18
Let f be 4 + (-1 - -1) + -1. Let v be (-1 - 5/f)*-54. What is the highest common factor of 18 and v?
18
Let v be 66 + -1 + 5 + 4 + 2. Let h be (-20 - -1)/(2 + -3). What is the highest common factor of h and v?
19
Suppose 40*l + 10 = 42*l. Suppose 0 = r + 4*c - 30 - 179, l*r - 1045 = 5*c. Calculate the highest common factor of 19 and r.
19
Let j(p) = -p**2 + 7*p - 6*p**2 + 8 + 1 - p**3. Let w be j(-8). Calculate the highest common factor of w and 17.
17
Let h be ((-5)/10)/(2/24). Let v = h + 32. What is the highest common divisor of 39 and v?
13
Suppose 4*w = j + 271, -4*w - 126 + 392 = -2*j. Calculate the highest common factor of w and 736.
23
Suppose 3*z + p + 0*p = 267, z + 5*p - 75 = 0. Let k = 2607 + -2577. What is the greatest common divisor of k and z?
30
Let o(y) = -2*y**2 - 51*y + 35. Let n be o(-26). Calculate the greatest common divisor of n and 27.
9
Let r(z) = 2*z**3 - z - 1. Let d be r(-1). Let k be (d - (-4)/(4 + -3)) + 138. What is the greatest common factor of 28 and k?
28
Let h be 2*(1 + 513/3). Suppose 2*n - 4*n + h = 4*z, 4*n - 72 = -z. Calculate the greatest common factor of 11 and z.
11
Let t(v) = v**2 - 7*v + 2. Let i be t(7). Suppose -186 = -i*k + 2*r + 872, 5*k - 2635 = -5*r. What is the greatest common factor of 66 and k?
66
Suppose r - 4*r = -s - 13, 0 = 2*r - 2*s - 10. Suppose -32 = -3*m - 5*x, -2*x = r*m - 51 + 13. Calculate the highest common divisor of m and 99.
9
Suppose -4*p = q - 332, -2*q = -3*p - 7*q + 266. What is the greatest common divisor of p and 41?
41
Let c(o) = o**2 + 14*o. Let t be c(-17). Suppose -3*x + 118 + 35 = 0. What is the highest common divisor of x and t?
51
Let o = -7 - -12. What is the greatest common factor of o and 35?
5
Let f = -335 - -365. Suppose c + 2*z - 39 - 3 = 0, 0 = 2*c + 3*z - 86. Suppose -c - 14 = -3*q. Calculate the greatest common factor of f and q.
10
Let k = 0 - 3. Let d = 18 - 8. Let c = d - k. What is the highest common divisor of c and 117?
13
Let u = -191 - -246. What is the greatest common factor of u and 10?
5
Let y be -1*(-68 - -3)*6/15. Calculate the highest common divisor of 806 and y.
26
Let i(p) = 101*p**2 + 3*p + 2. Let c = 6 - -21. Let l = c - 28. Let w be i(l). Calculate the highest common divisor of 20 and w.
20
Let h(g) = -g**2 + g + 13. Let o be h(3). What is the greatest common divisor of o and 3?
1
Suppose -98*n + 165*n - 1407 = 0. What is the highest common divisor of n and 1449?
21
Let g(j) = j**3 - j**2 + 1. Let s(v) = 6*v**3 - 4*v**2 + 3*v - 1. Let t(p) = g(p) + s(p). Let f be t(2). Calculate the highest common divisor of f and 14.
14
Let b = -3677 + 3679. Suppose 4 = -4*l, 3*l = -a + 6 + 13. Calculate the highest common factor of a and b.
2
Let p be 1/(-3) - 5/(-6)*4. Let g be ((42*p)/(-3))/((-18)/12). What is the greatest common divisor of 140 and g?
28
Suppose -3*c = -3*y + 51, y + 3*y + 4*c = 36. Suppose 2*b + 1 - y = 0. Calculate the highest common factor of 30 and b.
6
Let f(k) = k**3 - 7*k**2 + k - 6. Let p be 2/(-12) - 344/(-48). Let o be f(p). Calculate the highest common factor of o and 2.
1
Let n(o) = -2*o**3 - 5*o**2 + 2*o + 13. Let j(b) = -4*b - 19. Let z be j(-4). Let v be n(z). What is the highest common factor of 80 and v?
16
Suppose -5 = -m + 5*g, -66 = -5*m + 5*g + 19. What is the greatest common factor of 2000 and m?
20
Suppose -2*i + 5*d + 99 = -0*d, 3*d = 4*i - 177. Let m = i - 15. Calculate the highest common factor of 18 and m.
9
Suppose -378 = 45*i - 52*i. What is the greatest common divisor of i and 180?
18
Suppose 5*i = 5*b - b - 85, 0 = 3*b + 4*i - 56. Suppose 8 = -b*h + 16*h. Let q = h - -11. Calculate the greatest common divisor of 6 and q.
3
Suppose 5*y - 14 - 32 = 3*i, -i - 52 = -5*y. Suppose 615 - 294 = -4*r + 409. Calculate the greatest common factor of r and y.
11
Suppose 1142 + 1858 = 10*v. Calculate the highest common factor of 60 and v.
60
Suppose 2*m + 3*f = 29, -13 - 2 = 3*f. What is the highest common factor of 352 and m?
22
Let i(s) = 2*s. Let o be i(-6). Let c be o/(-4) + 0/2. Let k be 1*0/c + 2. What is the highest common factor of 18 and k?
2
Suppose m - 4160 = -15*m. Calculate the greatest common divisor of m and 40.
20
Suppose 2796 = 2*w - 4*d, 3*w - 4218 = -d - d. Calculate the highest common factor of 312 and w.
156
Suppose -3*f + 6 = -2*p - 23, 1 = -p - 3*f. Let k = -8 - p. Suppose 26 + 22 = k*b. Calculate the greatest common factor of 12 and b.
12
Let h = 4 + 65. Let c = -20 + h. What is the highest common divisor of c and 7?
7
Suppose -2*k - 5*v = -6, -v = k + 3*v - 3. Suppose g + 60 = 4*j - 4*g, 2 = -j - k*g. What is the highest common divisor of j and 20?
10
Suppose 0*c - c = -24. Suppose 4*r + 2*n = 14 - 140, -5*r - 3*n = 157. Let p be r/(-6) - 2/(-3). What is the greatest common factor of c and p?
6
Let n(d) be the first derivative of 3*d**4/2 - d**2 + d + 8. Let s be n(1). Calculate the highest common divisor of 55 and s.
5
Let b = 435 + -419. What is the highest common divisor of b and 2?
2
Let z(o) = 7*o**2 + 51*o - 15. Let j be z(-10). What is the highest common factor of j and 125?
25
Suppose y = -0 - 2, -5*b + 227 = -y. What is the highest common factor of 3 and b?
3
Suppose 3*i + 4 = -i. Let f be 0/1 + 3 - i. Suppose -f = -a - 4*z, -5*z + 2 = 2*a - 15. Calculate the highest common divisor of a and 16.
16
Suppose 4*h - 27 = 37. Let w = h - -2. Let l = 86 - -58. Calculate the greatest common factor of w and l.
18
Let l(o) = -19*o + 156. Let w be l(3). What is the highest common factor of 22 and w?
11
Suppose 2*l = 3*l - 2. Suppose -4*f + 0*f = 4*z - 84, l*z - 44 = -4*f. Calculate the highest common factor of 140 and z.
20
Let y = -91 + 89. Let s(f) = 33*f**2 + 4*f + 2. Let l be s(y). What is the greatest common divisor of 14 and l?
14
Suppose 5*j - 235 = p, -5*p + 6*p = 2*j - 91. What is the greatest common divisor of 18 and j?
6
Suppose -g + 5 + 16 = 0. Let y = 194 + -110. What is the highest common factor of g and y?
21
Let u be (572/8 + 1)*18/15. Let v = u - 60. What is the greatest common factor of v and 3?
3
Let q(j) = 22*j**2 + j - 1. Let w be q(1). Let c(s) = 9*s - 5. Let l be c(3). What is the highest common factor of l and w?
22
Let a be (-6)/(-3) + 11 - 3. Suppose 680 = 6*u - a. Calculate the greatest common divisor of u and 23.
23
Suppose -20 = -i + 6*i. Let s = i - -12. Let n = 17 - s. What is the greatest common divisor of n and 9?
9
Suppose -5*m + 4*k - k = -900, 5*k = 2*m - 379. Let b = 312 - m. Let v = -2 + 17. What is the greatest common factor of v and b?
15
Let w be -182*-12*(-4)/(-56). What is the greatest common factor of 12 and w?
12
Let b = -49 - -78. Let j = b + -19. Suppose 19 - 20 = s, -4*u + 7*s + 23 = 0. Calculate the highest common divisor of j and u.
2
Let d be ((-2)/(-4))/(127/69850). Suppose -2*x - 14 = -64. Calculate the greatest common factor of d and x.
25
Let x = -685 + 703. Calculate the highest common factor of 24 and x.
6
Suppose 0 = 2*h - a - 4, 4*a - 16 - 8 = -2*h. Suppose -427 = -2*n + 5*s - 95, -h*n = 2*s - 616. What is the greatest common divisor of 12 and n?
12
Let w = -112 + 158. Let k = -474 - -497. Calculate the greatest common divisor of k and w.
23
Let h = -621 - -649. What is the highest common divisor of h and 12?
4
Suppose 4*f + f = -5*k, 5*f - 2*k = 0. Suppose 4*u + u - c - 79 = f, 0 = 2*c + 8. What is the highest common divisor of u and 3?
3
Let l = -420 - -441. Calculate the highest common factor of 525 and l.
21
Let d be (-4)/(-6) - (-110)/15. Let p be ((-12)/(-14))/(210/15680). Calculate the greatest common factor of d and p.
8
Let i be -1 + 36/5 + 67/(-335). Let t(d) = -9*d + 3. Let n be t(5). Let b = n + 66. Calculate the greatest common divisor of i and b.
6
Suppose -c = 5*a - 0*c - 77, 3*a - 3*c = 57. Let b be 230/a - (-12)/(-32). Calculate the highest common divisor of b and 98.
14
Let h = -440 - -460. Calculate the greatest common divisor of h and 4.
4
Let h(r) = -r**2 + 4*r + 17. Let b be h(6). Suppose -39 = -5*x - b*f + 1, 5*x - 4*f - 40 = 0. What is the highest common factor of 4 and x?
4
Let d be 2*(-4 - 0)/(-2). Let q = d + 11. Let o = 